**2 + b - 3. What is the units digit of v(-3)?
9
Suppose 0*p - 2*p = -28. Let a = -20 + p. Let l(d) = -3*d - 6. What is the units digit of l(a)?
2
Let t(d) = -d**2 + 2*d - 1. Let x be t(1). Let z = -16 - -18. Let u = z - x. What is the units digit of u?
2
Suppose 222 = -6*j + 3*j. Let n = j + 106. What is the units digit of n?
2
Suppose -4*z + 448 = 5*y, -z = 2*z - 3*y - 309. What is the tens digit of z?
0
Suppose -3*c + 24 = -c. Suppose 0*g - 4*g + c = 0. Suppose g = u - 0. What is the units digit of u?
3
Let l(m) = -m**3 + 6*m**2 - 8. Let a be l(6). Let u = a + 42. What is the tens digit of u?
3
Let v = 11 - 19. Let q(w) = w**2 + 7*w - 6. Let m be q(v). Suppose -4*y = -m*y + 5*z - 43, -29 = -y - 4*z. What is the units digit of y?
9
Suppose 2*w - 6 = p - 40, 0 = -5*p + 2*w + 130. Suppose -5*m - 90 = -5*n, -5*m + 6*m - 3*n + p = 0. What is the units digit of ((-12)/(-15))/((-6)/m)?
2
Let j(x) = -x**3 - 10*x**2 + 10*x - 10. Let q be j(-11). Let o = 5 - q. What is the units digit of o?
4
Suppose -2 = -5*h + p + 2*p, -12 = 3*p. Let x be (-2 - -4) + -4 - h. Suppose x = -3*y + 8*y - 5. What is the units digit of y?
1
Let m(o) = o - 1. Let h(l) = l**2 - 9*l + 11. Let c(v) = h(v) + 2*m(v). What is the units digit of c(7)?
9
Let w(d) be the second derivative of -d**5/20 - 3*d**4/4 - 4*d**3/3 + 3*d**2 + d. Let x(j) = -j**2 + 4*j + 4. Let f be x(6). What is the units digit of w(f)?
6
Let m = 536 - 298. What is the tens digit of m?
3
Let d(p) = 2*p**2 + p + 1. Let j be d(-1). Let f(n) = 3*n - 2*n + 2*n + 0*n - 3. What is the units digit of f(j)?
3
Let i(m) = m**2 - 3*m + 5. Let c be i(2). Suppose 2*h + 3*w - 86 = 0, -c*h = 2*h - w - 215. What is the units digit of h?
3
Suppose 3*n - 390 = -2*n. What is the tens digit of n?
7
Let m be 4/(-3)*(-6 - -3). Let d(z) be the third derivative of z**5/60 - z**4/8 + z**3/6 + 2*z**2. What is the units digit of d(m)?
5
Suppose -208 = -0*g - 3*g + o, -g - 5*o + 48 = 0. What is the tens digit of g?
6
Let j be (24/(-21))/(4/(-14)). Suppose 0 = 3*r + j*z - 2*z - 27, 0 = -2*r + 2*z + 8. What is the units digit of r?
7
Let d = -41 + 78. What is the tens digit of d?
3
Suppose -4*b + 54 = -5*n - 42, -3*n = 12. What is the tens digit of b?
1
Suppose -2*v + 0*u + 4*u + 18 = 0, 4*u + 8 = 0. What is the units digit of v?
5
Let o be (-7)/(-14) - (-30)/(-4). Let j(g) = g + 16. Let w be j(o). Suppose 1 = -4*r + 4*k + w, 0 = 5*r + k - 34. What is the units digit of r?
6
Let v = -6 + 3. What is the units digit of v*2/(4/(-22))?
3
Suppose -212 = -5*t - 2*d, 0*t - 140 = -3*t + 2*d. What is the units digit of t?
4
Let i = 77 + -43. Let y = i - 24. What is the units digit of y?
0
Let q be (-126)/(-33) + 8/44. Suppose 0 = -q*y + 13 + 19. What is the units digit of y?
8
What is the tens digit of 21 - (-2 + -2 + 3)?
2
Let t(y) = -y**2 + 8*y + 9. What is the units digit of t(8)?
9
Let v(z) = -2*z - 2. Let l be v(-2). Suppose -l*w + 0*n - 20 = 3*n, -w - 24 = 5*n. What is the units digit of (2/w)/((-5)/70)?
7
Suppose -2 = -2*n, d - 2 = 2*n - n. Let a be ((-1)/(-1))/(1/d). Suppose -a = -5*t + 47. What is the units digit of t?
0
Let k(d) = d**3 - 7*d**2 + 6*d - 3. Let l be k(6). Let s = l - -7. What is the units digit of s?
4
Let p = -3 + 3. Let c = 4 - p. What is the units digit of c?
4
Let l(b) = -b**3 + 6*b**2 + 12*b - 3. Let w be l(8). Let t = 59 + w. What is the tens digit of t?
2
Suppose -l + 128 = 73. What is the tens digit of l?
5
Suppose -4*v - 52 = 68. Let g be (v/(-4) - 2)*-2. Let m = g - -17. What is the units digit of m?
6
Let s(u) = 45*u**2 + 3*u - 4. What is the units digit of s(1)?
4
Suppose 0 = -u - 2*n, 3*n + 4 = 4*u - 18. Suppose 3*y - u*y - 41 = -4*i, 3*y + 51 = 4*i. What is the units digit of i?
9
Let h = -21 - -5. Let c = 6 + h. Let v = c - -22. What is the units digit of v?
2
Suppose -3*p + p = -4, 30 = -4*m + p. Let q = -1 + 14. Let n = m + q. What is the units digit of n?
6
Let k(m) = m**3 - 6*m**2 + 2*m - 2. Let g be k(6). Suppose -r = r - g. Let b(o) = 2*o - 7. What is the units digit of b(r)?
3
Let t(q) = 2*q**2 - 14*q - 7. What is the tens digit of t(9)?
2
Suppose -186 = -4*o + o. What is the units digit of o?
2
Let l be (-2 + 10/4)*0. Suppose 3*w + l*w - 39 = 0. What is the units digit of w?
3
Let u(y) = y**3 + 8*y**2 + 4*y - 4. Let g be u(-6). Suppose 4*h - g = -0. What is the units digit of h?
1
Suppose 3*n = -4*k - 5, k - 5*k + n + 7 = 0. What is the units digit of 11*(2/2)/k?
1
Let n(l) = 4*l - 7*l - 9 - 4*l. Let f(x) = x. Let y(c) = -6*f(c) - n(c). What is the units digit of y(-6)?
3
Suppose -31 = -20*o + 19*o. What is the tens digit of o?
3
Let m = 7 + 5. Suppose -28 - m = -2*t. What is the units digit of t?
0
Suppose -6*b + 3*b = -936. What is the tens digit of b?
1
Let b(z) = -z + 4. Let c be b(-6). Let x = 10 + c. What is the tens digit of x?
2
Let c be (-10)/(-3) - 4/3. Let f = 2 - 2. Suppose -5*y - 2*d + 20 = 0, -d = c*y - 8 - f. What is the units digit of y?
4
Suppose -2*p + 26 + 386 = -4*c, 0 = -3*p - 2*c + 642. What is the units digit of p?
2
Let g be 1 + 0 + -1 + -2. What is the units digit of -1 - (-9 - 4/g)?
6
Suppose 5*t - 20 = -o, t - 12 = -5*o - 2*t. Suppose 0 = 4*i - o - 4. What is the units digit of i?
1
What is the units digit of (-649)/(-4) - (-3)/(-12)?
2
Let g(y) = 2*y**2 - 3. Suppose 0*u = 3*c - 5*u + 8, 5*u - 4 = 4*c. Let w(z) = -z + 1. Let d be w(c). What is the tens digit of g(d)?
1
Let m = -5 - -5. Suppose n - 2*v + 8 = m, -4*n + 4*v - v - 7 = 0. What is the units digit of n?
2
Let k = 44 + -22. Let q = 39 + -23. Let y = k - q. What is the units digit of y?
6
Let i(k) be the first derivative of -k**2/2 + 8*k - 2. Let j be (-1 - 1) + (7 - -1). What is the units digit of i(j)?
2
Let q be 114/4*(-6)/(-9). Let v = q + 6. What is the units digit of v?
5
Let j = 6 - 4. Let u be (-1)/(j/(-60)*2). What is the tens digit of 4/(-10) + 201/u?
1
What is the units digit of (-13)/52 - (-226)/8?
8
Suppose 130 = 3*r - 4*b, 0*b - b + 209 = 5*r. What is the tens digit of r?
4
Let f(v) = 3*v - 2. Let l be f(2). Let w(c) = c**2 - 2*c + 1. Let t be w(3). Suppose -l*g + 0*g = -t. What is the units digit of g?
1
Suppose 0 = f + 3, 2*q - 4 = 4*f + 98. What is the units digit of q?
5
What is the units digit of 3129/12 + 1*1/4?
1
Let j(o) = o**2 - 5*o + 10. What is the tens digit of j(-6)?
7
Suppose h = -4*h + 240. What is the tens digit of h?
4
Let z = 8 + -7. What is the units digit of (-75)/(-5) - -1*z?
6
Suppose 2*h = 5*f + 475, -3*f = 4*h + 2*f - 995. What is the hundreds digit of h?
2
Suppose 3*u - 20 = 2*m - u, 4*m - 3*u = -15. Suppose -3*c - c - 4 = m. What is the units digit of (-14)/c - (-3)/1?
7
Let y be 13/3 + (-8)/24. Suppose -y*i + 30 = -i. What is the tens digit of i?
1
Let b(t) = -t**3 - 10*t**2 - 9*t + 2. Let m be b(-9). Suppose 0 = -g + 14 + m. What is the tens digit of g?
1
Suppose -2*p + 13 = 3*d - p, -5*d = 3*p - 15. Let w(h) = h**3 - 7*h**2 + 6*h + 1. What is the units digit of w(d)?
1
Suppose 0 = 5*y + 5*n - 675, 5*y - 660 = -n - n. What is the hundreds digit of y?
1
Let c(o) = o - 5. Let x(r) = -3*r + 11. Suppose 0 = 3*j + 2*z - 16, -z + 8 - 3 = 0. Let a(q) = j*x(q) + 5*c(q). What is the units digit of a(-6)?
3
Let p(w) = 4*w**2 + 3*w + 4. Let x = -15 - -12. What is the units digit of p(x)?
1
Let b(x) = 2*x**2 + 7*x + 7. What is the units digit of b(-4)?
1
Let k be 6/8*(6 - 2). Suppose -k*v = -v. Suppose -h + v*h + 3 = 0. What is the units digit of h?
3
Suppose -3*o = 2*o + 2*m, 0 = 4*o - 3*m - 23. Let i be 0*o/8*2. Suppose 5*t + 5*h = -i*t + 55, 3*h + 9 = 3*t. What is the units digit of t?
7
Suppose -4*a + 2*d + 47 = -97, -d = -4. What is the tens digit of a?
3
Suppose -2*x + 38 + 12 = 0. What is the tens digit of x?
2
Let o(r) = r**2 + r + 6. Let l be o(0). Suppose -3*h + l*j - j = -80, -68 = -3*h + 2*j. What is the units digit of h?
0
Suppose -3*f + 30 = 2*f. What is the units digit of 9/(-6) - (-117)/f?
8
Let k(r) = r**3 - 7*r**2 - 6*r - 10. Let s be k(8). Suppose 2*g + s = -4. Let i(o) = o**3 + 6*o**2 + 4*o + 6. What is the tens digit of i(g)?
1
Suppose 2*s + 12 = 5*s. Suppose 3*d - 8 = -s*k + 49, 5*d - k = 72. What is the tens digit of d?
1
Let g(i) = 2*i**2 - 8*i + 9. What is the units digit of g(6)?
3
Let d(b) = b + 1. Let g be d(3). Suppose 2*y + g*q = -y + 26, -2*y + 16 = 